+ 3*l - 11, 5*t + 3*l - d = -12. Calculate the highest common factor of i and t.
7
Suppose -80*z + 35*z + 1330 = -38*z. Let b(r) = 4*r**2 + 2*r + 4. Let a be b(5). Calculate the highest common divisor of a and z.
38
Let l be 3 + 28655/132 + 3/(-36). What is the highest common factor of l and 132?
44
Let b(d) = 2*d**3 + 3*d**2 - 2*d + 1. Let z be b(2). Suppose 0 = 10*l - 69 - 311. Let o = l - z. What is the highest common factor of 39 and o?
13
Let h(m) = 3*m - 111. Let o be h(19). Let k be (-1 - 5/(-3))*(-3159)/o. Calculate the greatest common factor of 169 and k.
13
Let r(k) be the second derivative of k**5/20 + 5*k**4/12 - 4*k**3 - 3*k**2/2 + 8*k - 1. Let x be r(4). Calculate the highest common divisor of 405 and x.
45
Let h(f) = -5*f - f**2 + 4*f + 10*f - f. Let o be h(7). Let v = 72 - 51. What is the highest common factor of o and v?
7
Let r = 84 - 51. Let j be (1 - (-454)/30) + (-10)/75. Suppose -j*a = -10*a - 66. What is the greatest common divisor of a and r?
11
Suppose -5 = -0*t + 3*t + r, -t = -3*r + 5. Let l be ((-1120)/(-2520))/((-2)/(-36)). Let k = l - t. What is the highest common divisor of 10 and k?
10
Let y = 252 + -103. Let c = y - -67. What is the greatest common divisor of 48 and c?
24
Suppose 3*d = d + 14. Let o(r) = -22*r - 76. Let i be 54/(-12) - 15/10. Let h be o(i). What is the greatest common divisor of d and h?
7
Let r be 3 - (-4 + 2 - 19). Suppose 10 + 22 = -2*j. Let l = j - -24. What is the greatest common factor of r and l?
8
Suppose 0 = -31*l + 1070 + 511. Suppose 2*n + 2*n - 2244 = 0. What is the greatest common divisor of l and n?
51
Let u(s) = 4*s**2 - 5*s - 4. Let v be u(-3). Let l(k) = -3*k**2 + 9*k - 11. Let i be l(5). Let n = i + v. What is the greatest common factor of n and 42?
6
Let l be 6/10 + 3610/25. Let a = 148 - l. What is the greatest common factor of 15 and a?
3
Suppose 2216 = 18*t + 326. Calculate the greatest common divisor of t and 35.
35
Suppose 0 = -2*p - 0*p + 6. Let x = -605 + 701. Calculate the greatest common factor of p and x.
3
Let g = 4907 + -4871. Suppose 19 = r - 11. Calculate the highest common factor of g and r.
6
Let g = -138 + 120. Let j be g/6 - (-19 - -5). Calculate the highest common divisor of 121 and j.
11
Suppose -16*f + 2 = -15*f. Let x = f + -13. Let m be x/(-5) - 2 - 718/(-10). What is the greatest common divisor of 8 and m?
8
Suppose 694 = 7*t + 78. Suppose 4*s + 2*g - 304 = 0, -4*s - 18*g + 316 = -22*g. What is the highest common factor of t and s?
11
Suppose 4 + 10 = 7*v. Suppose -23 = 5*o + v*y, -3*o + 11 = 4*y - 9*y. Let d be ((-36)/(-30))/(o/(-190)). Calculate the highest common divisor of 19 and d.
19
Suppose 3*i - i - 442 = 0. Let z be (6 - 351/54)/((-25)/(-26) + -1). Calculate the highest common factor of z and i.
13
Let s = -68 - -71. Suppose -54 = -a + 5*k, 4*a - s*k + 18 = 149. Let i = 119 + 142. What is the greatest common factor of i and a?
29
Suppose 0 = 6*i - 340 + 4. Suppose 3*w + 4 = -v, 4*v + 0*w + 7 = -3*w. Let m be ((-35)/(-3))/(v/(-12)). What is the greatest common factor of i and m?
28
Let s(v) = -6*v - 5. Suppose -17 = -8*q + 7. Let c be -11 + q - (-2)/(-2). Let a be s(c). Calculate the highest common factor of a and 7.
7
Suppose -48*a + 10725 = 27*a. Calculate the highest common divisor of 22 and a.
11
Suppose -10*p - 36 = -14*p. Let s be 7 + (-13)/(39/(-222)). Calculate the highest common divisor of s and p.
9
Let l = -4 + 249. Suppose 4 = -c, -2 - 6 = 4*z + 4*c. Let v be (-38)/(-19) - (-35 + z). Calculate the greatest common divisor of v and l.
35
Suppose -2*f + 5*w = -260, -4*w = 3*f + 2*f - 584. Suppose -8*j = -12*j + f. Let o be 0 - 1/(0 - 4/80). What is the highest common divisor of j and o?
10
Let f(l) = 3*l**2 + 169*l - 2156. Let k be f(11). Calculate the greatest common divisor of k and 3399.
33
Let b(n) = 22*n**3 + 2*n**2 - 2. Let o be b(1). Let d be (88/6)/(((-12)/(-45))/2). What is the highest common divisor of o and d?
22
Let a(d) = -d**3 + 16*d**2 - 31*d + 96. Let w be a(8). Suppose 63*j - 58*j - w = 0. Calculate the greatest common factor of 16 and j.
8
Suppose -l - 5*g + 1749 = 164, 3*l - 4809 = 3*g. What is the highest common divisor of 900 and l?
100
Let c be 6/((-1)/(((-4)/3)/(12/18))). Calculate the greatest common divisor of 220 and c.
4
Let k = -39 - -53. Suppose -k*d - 5*d + 4465 = 0. Calculate the greatest common divisor of 94 and d.
47
Suppose -2 = 4*j + 6, 3*y + 2*j - 14 = 0. Suppose -y = 8*t - 46. Suppose -3*s + h = -11, 0 = t*s - 5*h - 8 - 7. What is the highest common divisor of s and 36?
4
Let x be (1528/(-20))/((-14)/35). Let l = -181 + x. Let c be (-5)/((-5)/3) - -7. What is the highest common divisor of l and c?
10
Let w be 4*((308/(-55))/7 - (-522)/15). Calculate the highest common divisor of w and 153.
17
Let b(d) = d**3 - 52*d**2 + 101*d - 1. Let n be b(50). Calculate the highest common factor of n and 763.
7
Let x be 3 - 315/(-14)*2. Suppose x = 3*f - 123. What is the highest common factor of f and 209?
19
Let r be 24/(66/(-176)*(-4 - 0)). Let y = 300 + -140. Calculate the highest common divisor of y and r.
16
Suppose 0 = -53*g + 52*g + 6*y + 210, 0 = 5*g - 4*y - 998. What is the greatest common factor of 2970 and g?
198
Let y(t) = 12*t**2 - t + 2. Let w be (0 - (-2)/(-3))*-6. Let n be y(w). Let p be (38/12)/(866/10392). Calculate the greatest common divisor of p and n.
38
Let a(l) = l**3 - 34*l**2 - 31*l - 89. Let z be a(35). Let b = z + -41. Calculate the greatest common factor of b and 6.
2
Let y(q) = -2*q + 19. Let o be y(11). Let r be 1 + ((-3)/o - -44). Let j = r - 42. Calculate the highest common factor of 20 and j.
4
Suppose -3*j = -5*k - 2*j - 95, -4*k + 3*j - 76 = 0. Let r = k + 32. What is the greatest common divisor of r and 143?
13
Let z be (-592)/(-112) + (-2)/7. Let m(b) = -b**2 + 3*b + 1. Let r be m(11). Let s be 14/(-30)*r - 6/10. What is the highest common factor of s and z?
5
Suppose 5*l + 25 = 0, 5*i = -5*l - 0*l - 1955. Let q be 2/5 - i/10. Suppose -q = -n - 0. Calculate the highest common factor of 52 and n.
13
Let w = -10521 - -11123. What is the highest common factor of w and 112?
14
Suppose 7*n + 28 = 56. Suppose 3*x + 9 = 0, k + 6*x - n*x - 50 = 0. Calculate the greatest common divisor of 112 and k.
56
Let a = 1966 - -274. Calculate the greatest common divisor of a and 210.
70
Let j = 4338 - -537. What is the greatest common factor of 39 and j?
39
Suppose 4*s + p = 3, -4*s = -p + 3*p + 2. Suppose h = 2*t + 31, 9*h + s*t - 95 = 4*h. What is the highest common factor of 21 and h?
21
Let h(c) = 6*c**2 - 151*c - 1537. Let u be h(-11). What is the greatest common divisor of u and 15?
5
Suppose -2363*m + 2351*m = -16200. Suppose 0 = 13*l - 6*l - 189. What is the greatest common factor of m and l?
27
Let s(b) = 8*b - 6. Let p be s(-5). Let d = p - -60. Suppose 4*n - 31 - 81 = 0. Calculate the highest common factor of n and d.
14
Let r be 190/4940 + (-2026)/(-52). Let t = 34 - -122. Calculate the greatest common divisor of r and t.
39
Let h = -549 - -775. Let o = h + 60. Suppose 0*q - 414 = -3*t + 3*q, -2*t - 3*q = -o. What is the greatest common factor of t and 20?
20
Let k(p) = 2*p**2 - 9*p + 9. Let n be k(0). Let w be ((-9)/6)/(9/12). Let h be 52/6 + w/(-6). What is the highest common divisor of h and n?
9
Let k(o) = o**2 - 7*o. Suppose 0 = 2*l - 3*z + 8 + 17, 20 = -3*l + z. Let n be k(l). What is the highest common divisor of 36 and n?
12
Let i(n) = 5*n**2 - 24*n - 21. Let r be i(7). Suppose 0 = -41*p + 62*p - 882. Calculate the greatest common factor of p and r.
14
Suppose 3*r - 7*r + 3*a + 39432 = -0*r, 2*a = 0. Calculate the greatest common factor of 372 and r.
186
Suppose -127*i + 111823 + 657492 = 88087. What is the highest common factor of i and 72?
36
Let g be 5 - 5*5/25. Suppose g*x + 4*x = 32. Suppose -217 = -2*s - l, x*s - 195 - 242 = -5*l. What is the greatest common factor of s and 12?
12
Suppose f - 77 = -5*u, 56*f - 57*f = u - 17. Let s be 1/2 - 202/(-4). Let y = s + 69. What is the highest common divisor of y and u?
15
Let o(s) = -s + 10. Let x be o(2). Let j(b) = b - 2. Let d be j(x). Suppose 5*f = d*f - 4, 3*y + f - 619 = 0. What is the highest common factor of 82 and y?
41
Let j be 13/(39/(-318)) + -2. Let a = j - -128. Calculate the highest common divisor of 15 and